 of v and 11?
11
Let c(n) = -n**2 + 138. Let g be c(0). Suppose g = -2*i + 396. Let a = i + -63. Calculate the greatest common divisor of a and 6.
6
Suppose n = -3*o + 750, -2*n - o + 3708 = 3*n. What is the highest common factor of 114 and n?
57
Suppose -10*t + 13*t = -72. Let q = 32 + t. Let n be (-8 + 4)*(-66)/q. Calculate the greatest common divisor of n and 363.
33
Suppose 4*q = -123 + 411. Suppose 90 = 3*r + 2*r + 3*o, 0 = 4*r + o - q. Calculate the greatest common factor of 12 and r.
6
Suppose 6344*r = 6364*r - 120. Suppose -120 = 4*s - 8*s. What is the highest common factor of s and r?
6
Let f(x) = 12*x + 764. Let j be f(-57). What is the greatest common factor of 528 and j?
16
Let r(p) = 6*p**2 + 3*p + 8. Let o be r(-4). Let t = -54 + o. Calculate the greatest common factor of 76 and t.
38
Suppose -13 - 2 = -3*x. Suppose 0 = -x*d + 68 + 32. Calculate the greatest common divisor of d and 30.
10
Let q be (-1)/(8/(-10) - 174/(-230)). Calculate the greatest common factor of q and 1311.
23
Let t be (1/4*-41)/(37/(-296)). Let l = 87 + -46. What is the greatest common divisor of t and l?
41
Suppose 1806 = 43*g - 37*g. What is the greatest common divisor of 14 and g?
7
Let u be 4 - -1 - 10 - -1*49. What is the highest common divisor of u and 22?
22
Let d be (3/7 - (-108)/189)*21. Let h be 2/(-3) - 508/(-6). What is the greatest common divisor of h and d?
21
Suppose 1526 = 2*k + 4*s, -4*k - 32*s = -34*s - 3072. Calculate the greatest common divisor of k and 59.
59
Suppose -8 = -4*t, 2*m + 2*t = -2*m + 324. Let g = -56 + 24. Let n be (-116)/(-10) - g/m. What is the greatest common factor of n and 48?
12
Let a be (-30)/4*252/(-70). Suppose -3*d + 18*d - 810 = 0. What is the highest common divisor of d and a?
27
Let k be (1 - 3)/((-16)/(-19 - -99)). What is the highest common divisor of 205 and k?
5
Let g = 16 - 21. Let m be (48/20)/((-2)/g). Suppose 5 = f - m. What is the greatest common divisor of f and 99?
11
Let h(a) = 3*a - 38. Let w be h(18). Let p = 3 - 2. Let j be (2 - -5*1) + p. What is the greatest common divisor of j and w?
8
Suppose -2*k - 4 = -k, -3*r + k = -16. Suppose 0*j - 4 = r*j. Let s be (3/j)/9*-6. What is the highest common factor of s and 6?
2
Let r = 274 - -426. What is the highest common divisor of r and 35?
35
Suppose 0 = 3*s + 2*v - 0*v - 78, -12 = -s + 4*v. Suppose 0 = -5*x - 5*x + 30. What is the highest common factor of x and s?
3
Let k(c) = c**2 - 6*c - 2. Let j be k(7). Suppose 0 = 5*p - 5*u - 40, 0 = 2*p + u + 3*u - 28. Calculate the greatest common factor of j and p.
5
Let j = -141 - -148. What is the greatest common factor of j and 357?
7
Let o = -396 + 410. Calculate the greatest common divisor of o and 406.
14
Let y = -2338 + 2754. What is the greatest common divisor of y and 128?
32
Let x be (0 - -23)*(38 + -12). Calculate the highest common divisor of x and 46.
46
Suppose 6*i + 22 = 3*i - 4*u, 5*i = 3*u + 2. Let b be ((-198)/4)/(i/4). What is the highest common factor of b and 11?
11
Let c(i) be the first derivative of 17*i**3/3 + 2*i**2 + 3*i + 6. Let n be c(-1). Let b = -6 + n. Calculate the greatest common divisor of 40 and b.
10
Let d(l) = 12*l**2 + 3*l - 12. Let u be d(-8). Suppose -u = -4*i - 52. What is the highest common divisor of 34 and i?
34
Let z(c) = c + 36. Let b be z(0). Suppose b - 3 = -a. Let k be (a/4)/((-20)/880). Calculate the highest common factor of 33 and k.
33
Let p be (-3)/((-9)/48*2). Suppose -37*w + 67*w = 240. What is the highest common factor of p and w?
8
Suppose -25*k + 28*k = 24. Calculate the greatest common factor of k and 56.
8
Let o = 63 + -45. Suppose -24*t + 28*t = -32. Let j be -1*(0 + (-6)/t)*-24. Calculate the highest common divisor of o and j.
18
Let a = -37 + 40. Suppose z - 235 = -4*i - 0*z, -5*i + a*z + 315 = 0. What is the highest common divisor of 36 and i?
12
Let v = -1053 + 1566. What is the greatest common divisor of 57 and v?
57
Suppose 4*x = -5*j + 32, -j - 2*j + 4*x = -32. Suppose 4 = 2*d - j. Let g = d + -5. Calculate the greatest common factor of g and 7.
1
Let l(g) = -45*g**2 + 13*g + 13. Let h(o) = -15*o**2 + 4*o + 4. Let k(v) = -14*h(v) + 4*l(v). Let s be k(-1). What is the greatest common divisor of 10 and s?
10
Let z = 12 - 11. Let d be (z/(-2))/(2/(-4)). Let f be d + 23 + (10 - 9). What is the highest common factor of f and 10?
5
Let n = 280 - 128. What is the highest common factor of 8 and n?
8
Let o be 2/8 - 86/(-8). Let c(i) = -i**3 + 15*i**2 - 40*i + 125. Let z be c(12). Calculate the greatest common factor of o and z.
11
Suppose -j = -13 + 9. Suppose 270 = j*s - 2. Let p = s + -41. Calculate the highest common factor of p and 3.
3
Suppose 12*n + 10 = 14*n. Suppose 3*r - g = -3*g + 191, 0 = r + n*g - 68. What is the highest common factor of r and 84?
21
Let j be 4 + (66/8 - 2/8). Suppose 2*o + 0*o = 176. Let f = -52 + o. What is the greatest common divisor of f and j?
12
Let z be 10 + -6 - (-1 - 11). Let q(s) = 2*s - 29. Let f be q(z). Calculate the highest common factor of 2 and f.
1
Suppose -2*q + 5*q - 8 = -2*a, -5*q + 6 = -4*a. Let h = -1728 + 1732. What is the highest common divisor of q and h?
2
Suppose 7*b = 9*b + 2*u - 2652, 5297 = 4*b - 3*u. What is the highest common divisor of 53 and b?
53
Let l be 40/6*1683/204. Calculate the highest common factor of l and 20.
5
Let l be (6 + 19)*222/15. Calculate the greatest common factor of l and 10.
10
Let g(h) = -5*h + 3. Let j be g(0). Let u be ((-1)/(-1))/1*j*2. Suppose 2*i = 4*b + b - 3, -i = -3*b + 3. Calculate the greatest common factor of u and i.
6
Let u = -522 - -523. Calculate the greatest common factor of 1 and u.
1
Let w = 227 + -223. Suppose -3*k + 16 = 3*n + n, -3*n = -k + 1. Calculate the greatest common factor of w and k.
4
Let r be (8/7)/((-32)/(-784)). What is the highest common factor of 72 and r?
4
Suppose -824 - 104 = -16*g. What is the greatest common divisor of g and 638?
58
Suppose -z - 23 = 42. Let h = z + 67. Calculate the highest common divisor of h and 34.
2
Let z be 0/(2/((-4)/2)). Let o be (z*(-1)/(-2))/(-2). Suppose o = -4*t + t + 144. What is the highest common divisor of 12 and t?
12
Suppose -18 = -r - 2*o, 3*o - 3 = -0. Suppose -4*g = -9 - 7. What is the highest common factor of g and r?
4
Suppose 129*f - 15*f = 3192. Let z = 79 + -9. What is the greatest common divisor of z and f?
14
Suppose 4*c - 132 = -2*a - a, -4*a = -2*c - 154. Let t = 38 + 2. Let h be (-12)/(-10)*t/3. Calculate the highest common factor of h and a.
8
Let f be (50/8 + -1)*8. Suppose -3*b = -f + 30. Suppose 3*g + 15 + 51 = 5*k, b*k = -g + 63. Calculate the greatest common divisor of k and 15.
15
Let h(m) = 19*m - 10. Let x be h(4). Suppose -6*n = -24 - x. Let l = n - 6. What is the highest common divisor of 9 and l?
9
Suppose -3*f = 0, l + 0*f = 3*f + 90. Calculate the greatest common divisor of 378 and l.
18
Suppose 0 = -g - 5*r + 25 + 2, 3*g + 14 = 4*r. Calculate the highest common divisor of 248 and g.
2
Let j be (3 - -124) + (-2 - (1 + -1)). Suppose 0 = 4*f - 19 - j. What is the greatest common divisor of 24 and f?
12
Suppose 0 = -3*u + t + 23, 0*u + 57 = 5*u + 3*t. Suppose 0*p - 2*d - 115 = -p, 3*d = u. What is the greatest common divisor of 11 and p?
11
Let r(k) = 33*k - 445. Let p be r(16). What is the greatest common divisor of p and 1411?
83
Let o(r) = -3*r + 7. Let l be o(8). Let y = l - -21. Suppose 4*j - g = -0*j + 21, 2*g = 3*j - 22. Calculate the greatest common divisor of j and y.
4
Suppose -3*f = -7*f + 128. Suppose 40 = 3*c - 2*p, 4*c - 3*p = p + 48. What is the highest common divisor of c and f?
16
Suppose b = 27 - 4. Calculate the highest common factor of b and 391.
23
Suppose -4 = b - 2*p, -3*p = -b + 2 - 9. Let z = b - 1. Suppose -69 - 118 = -17*x. Calculate the highest common factor of z and x.
1
Let d(y) = y - 3. Let t be d(5). What is the highest common divisor of t and 6?
2
Let f = -842 - -863. What is the highest common divisor of 57 and f?
3
Let c(v) = 6*v + 65. Let p be c(-10). What is the greatest common divisor of 80 and p?
5
Let a be 0*(-1)/(4/4). Suppose -8*u = -a*u - 240. Let x = u + -6. Calculate the greatest common factor of 16 and x.
8
Let f be (9/((-315)/3472))/((-6)/15). What is the highest common divisor of 186 and f?
62
Let y be 4 + -4 + (-1 - -4).